61. Determine v(d).
-13
Let j(i) = 3*i**2 - 2*i - 3*i**3 - 2*i**3 + 1 - 2*i**2. Let u(n) = -2*n**2 + 23*n - 10. Let q be (-54)/(-5) + 30/150. Let t be u(q). Calculate j(t).
-5
Let i(t) be the first derivative of -1/4*t**4 + 1/2*t**2 - 26 - 9*t + 8/3*t**3. Calculate i(8).
-1
Let m = 90 + -82. Suppose -m*f + 61 = 21. Let j(g) = -f*g + 4 + 0*g + 0*g + g**2. Determine j(3).
-2
Let p(s) = 0 + 10 - 1 + 3*s. Let l(f) = -f**3 + 19*f**2 - f + 13. Let a be l(19). Give p(a).
-9
Let o(j) = 3*j**3 - 7*j**2 + j - 4. Let i(r) = 7*r**3 - 15*r**2 + 2*r - 8. Let v(s) = 2*i(s) - 5*o(s). Let h(x) = -28*x - 1004. Let y be h(-36). Calculate v(y).
16
Let o(b) = -5*b**3 - 313965*b - 28 - 21 - 6*b**2 + 313976*b + 4*b**3. What is o(-8)?
-9
Suppose 12 = -4*u, -3*u + 2 = 4*p - 9. Let y(g) = g**3 - 7*g**2 + 8*g - 8. Let w be y(6). Let l(n) = 0*n - 2 - w + n. Give l(p).
-1
Let t(c) = -3*c - 4. Suppose -3*d + 5*q + 14 - 41 = 0, 5*d + 4*q + 8 = 0. Let s(o) = -108*o + 59*o + 13 + 58*o. Let y(h) = d*s(h) - 11*t(h). Give y(-6).
10
Let r(w) be the first derivative of -27*w**4/4 + 2*w**3/3 - w**2/2 + 1946. Give r(1).
-26
Let w = 605 - 557. Suppose 18 = -15*x + w. Let t(u) = u**3 - u**2 + u. What is t(x)?
6
Let x(t) be the second derivative of -t**5/20 - t**4/12 + 2*t**3/3 + 3*t**2/2 - t. Suppose 13*z - 11*z = -1224. Let b = -614 - z. Determine x(b).
-1
Let f(o) = 14*o - 13. Let t be (-4)/7 + 76419/49. Let z(p) = t*p + 3 + 1 - 1564*p. Let k(d) = -3*f(d) - 8*z(d). Give k(6).
-5
Let h(d) = -d + 32. Let s(j) = 21*j + 287. Let u be s(-14). Determine h(u).
39
Let g(j) = -j**3 - 13*j**2 + 66*j - 27. Let t be g(-17). Let p(z) = 3*z + t + z**3 + 173*z**2 - 2*z - 54*z**2 - 59*z**2 - 56*z**2. Determine p(-3).
13
Let d be -1 - 18/(-15) - 269/(-5). Let t = -52 + d. Let h(p) = -3 + 5 + 8*p**t - 9*p**2 - 1 + p. Determine h(-3).
-11
Let q(o) = -o**3 + 5*o**2 + 10*o - 7. Let y(n) = 2*n**2 - 3*n - 3. Suppose 0*p - 11 = 3*p + 5*u, 2*p = -u + 2. Let v be y(p). Determine q(v).
17
Let u(v) = -2*v + 34. Let b be u(14). Suppose 2*y - 19 = -49. Let h be (-15)/b*36/y. Let f(m) = m**3 - 5*m**2 - 3*m - 4. Calculate f(h).
14
Let o(d) = -7*d + 53. Suppose x = -2*i + 13, -6*i = 2*x + 4 - 46. Determine o(i).
-3
Let s = 11942 - 11928. Let b(w) = 2*w**3 - 26*w**2 - 30*w + 30. Calculate b(s).
2
Let i(v) = v**3 - 6*v**2 - 13*v + 12. Let t be i(8). Suppose -t = -o - 2*o. Let j be (-7)/49*-1 - o/(-14). Let k(q) = -6*q**2 + 1. Give k(j).
-5
Let t(o) = 6*o - 19. Let m(a) = -2*a**2 + 22*a + 308. Let r be m(19). Determine t(r).
5
Let y(v) be the second derivative of -v**5/10 - 11*v**4/6 + 7*v**3/2 - 19*v**2 - 134*v - 33. Calculate y(-12).
-2
Let n(z) = -z**3 - z**2 + z + 2. Let j(k) = 0*k**2 - 12 - k**3 + 15 + k**2 + 4 + 31*k. Let a be j(-5). Give n(a).
-8
Suppose 3*i = -0*d + 2*d + 5, 5*d = -5*i + 50. Let c(t) = -5*t - 94. Let n be c(-21). Let p(h) = -n*h**2 + 250 - 251 + 3*h + 10*h**2. Determine p(i).
-11
Suppose 10*x - 1 = -21. Let r(n) be the first derivative of -n**5/10 - n**4/6 + n**3/3 + 30*n - 52. Let u(a) be the first derivative of r(a). Give u(x).
4
Let u be -2*((-54)/(-12) - 6). Let s = -3 + 6. Let z(b) = s*b**3 + 61*b**2 + 0*b - 59*b**2 - 2*b**u + 2*b. Give z(-3).
-15
Suppose 2*b = 65 - 13. Let s = b + -23. Let a(q) = q**s + q**2 - 2*q**3 - 2*q**2 + 0*q**2 + 5. Determine a(0).
5
Let a(m) = -51*m**3 + m. Let p(h) = -90*h + 89. Let k be p(1). Calculate a(k).
50
Let i(t) = 5 + 1149961*t + 7 + 3*t**2 - 1149959*t. Give i(0).
12
Let x(s) = -s**2 - s. Let k(h) = h + 4. Let c be k(-5). Let w(f) = 5*f**2 - 3*f + 7. Let g(a) = c*w(a) - 4*x(a). Determine g(7).
-7
Let b(q) = q + 31. Let w be b(19). Suppose 17*p + w = -18. Let g(i) be the second derivative of i**4/12 + 2*i**3/3 + i**2/2 + 3*i. Give g(p).
1
Let g(m) = m**2 - 7*m - 3. Let d = 17 + -5. Let w(f) be the second derivative of f**4/12 - 5*f**3/3 - 17*f**2/2 + 8*f. Let u be w(d). Give g(u).
-3
Let m(d) be the first derivative of -1 - 2/3*d**3 + 3*d - 1/4*d**4 + d**2. Suppose -14 = -41*y + 48*y. What is m(y)?
-1
Let p(u) = -7*u + 1. Let g(h) = 3*h**2 - 6*h + 7. Let b(x) = 5*x**2 - 11*x + 14. Let j(d) = 4*b(d) - 7*g(d). Let m be j(0). Suppose m*t + 9 = 2. Give p(t).
8
Let d(z) be the first derivative of -11 - 1/12*z**4 - 2*z**2 - 5/6*z**3 - 2*z. Let j(o) be the first derivative of d(o). Calculate j(-6).
-10
Let h(k) = -k + 2. Let l(s) be the first derivative of -s**2/2 + 4*s - 22. Let c be l(0). Determine h(c).
-2
Suppose 301*q + 4 = 303*q. Let c(k) = 5*k**2 + 20*k - 22*k - 8*k**2 + 1. Determine c(q).
-15
Suppose -t + 7 = 2*r, 3*r + t + 67 = 80. Let u(m) = -5*m**2 + 34*m - 26. Determine u(r).
-2
Let s(q) = 2*q - 5. Let v be ((5 - 1)*(-30)/(-8))/1. Let t = v - 12. Suppose 0 = 5*p - 2*p - 5*d - t, -3*d = -9. Give s(p).
7
Let t be (7/(-21))/(44/(-6) - -7). Let v(d) = 4*d**2 - 2*d - 2. Determine v(t).
0
Let h(k) be the first derivative of -k**4/4 + 5*k**3/3 + k**2/2 + 7*k - 1792. Calculate h(5).
12
Let k(u) = 5*u**2 - 4*u + 1. Let n(h) = -11*h**2 + 7*h - 3. Let d(j) = -9*j - 1. Let c be d(-1). Suppose z = -z + c. Let f(a) = z*n(a) + 9*k(a). Calculate f(6).
-15
Let t(s) be the third derivative of 7*s**4/24 + 83*s**3/6 - 2712*s**2. What is t(-15)?
-22
Let r = -452 - -493. Let u(y) = -y**3 + 37*y**2 + 165*y - 30. What is u(r)?
11
Let t(z) = 126 + 68 + 7*z + 143 - 249. Determine t(-9).
25
Let t(v) = v**2 + 3*v + 6. Let p be t(0). Let n(g) = g - g + p*g - 7*g. Calculate n(3).
-3
Let x(n) = 5*n - 100. Let b be x(29). Suppose 9*j + 9 = -b. Let h(d) = d**2 + 4*d + 3. Calculate h(j).
15
Let k(u) = -2*u**2 + 27*u - 11. Let j(g) = -40*g**2 - 118*g + 11. Let o be j(-3). Give k(o).
74
Suppose -2*y + 2*l + 10 = 6*l, -3*y - 4*l + 9 = 0. Let k(s) = -43*s + 2. Let x(b) = 21*b - 1. Let w(j) = 6*k(j) + 11*x(j). Give w(y).
28
Let p be (-112)/42*((-9)/2)/3. Suppose 3*l + 50 = p*g, 66 = 4*g + g - 2*l. Suppose -9 = 5*o - g. Let u(h) = 9*h**2. Give u(o).
9
Let o(d) be the second derivative of -d**8/2240 - d**7/840 + d**6/360 + d**5/120 + 58*d**4/3 + 2*d + 237. Let v(c) be the third derivative of o(c). Give v(2).
-31
Let h be (10/4)/((-12)/24) - 0/21. Let v(b) = 27*b + 92. Determine v(h).
-43
Let l(g) be the third derivative of -g**6/120 + g**5/30 + g**4/6 + 2*g**3/3 + 22*g**2 - 2. What is l(3)?
7
Let g(x) = 3*x**2 - x - 6 + 5 + 0 + 0. Suppose 0 = 10*o - 6*o - 16. Let u(q) = -2*q**2 + 2*q + 1. Let s(l) = o*u(l) + 3*g(l). What is s(-5)?
1
Let t(h) = -3*h - h + 2015*h**2 + 2007*h**2 + 8 - 4029*h**2 + h**3 - 5*h. What is t(8)?
0
Let f(g) = -23*g - 1. Let z(t) = 2*t**3 - 3*t**2 + 2*t. Let u(k) = k**2 - 15*k - 75. Let p be u(-4). Let m be z(p). Calculate f(m).
-24
Let q(g) = 22 + 40666*g + 13 - 40665*g. Calculate q(-17).
18
Let h(t) be the first derivative of -6*t + 7 - 1/2*t**2. Suppose 8*w + 116 = 12. Give h(w).
7
Let j(t) = 7*t - 13. Suppose -28 + 37 = -r - 3*o, 5*r + o + 3 = 0. Give j(r).
-13
Let h(c) = c - 17. Let d be h(19). Let t(m) = -m**2 + 1 - d + 3*m + m + 5. Let s(n) = -n**2 + 6*n - 5. Let x be s(3). Give t(x).
4
Let q be 587/2 + 1/2. Let w(z) = 0*z**2 + 0*z + 8*z + z**2 + q - 306. Let l(g) = g**2 - 9*g + 5. Let d be l(7). Determine w(d).
-3
Let x(t) = -8*t + 66. Let q be x(8). Let u(z) = -z**3 + 14*z - 24. Let k be u(q). Let d(a) = -a**3 - 7*a**2 - 6*a - 4. Give d(k).
-28
Let s(c) = 4*c**3 - 2*c**2 - 8*c - 2. Let d be s(4). Let t = -186 + d. Let g(f) = f**3 - 6*f**2 + 5*f + 1. What is g(t)?
-11
Let g(t) = 45096*t**2 + 3*t - 45098*t**2 - 130150 + 130147. Suppose 4*j + 0*x + 5*x - 42 = 0, 11 = j + x. Suppose 0 = -4*u + j - 5. Determine g(u).
-5
Let x(t) = -t**2 - 8*t + 1. Let j(c) be the second derivative of c**4/6 - 5*c**3/2 - c**2/2 + 2*c. Let i = -3876 + 3883. Let s be j(i). Calculate x(s).
1
Let i(s) be the third derivative of 0*s**4 + 0 + 0*s - 1/12*s**6 + 0*s**5 + 1/6*s**3 - 112*s**2. Determine i(1).
-9
Let w(z) = -z**2 - 3 + 0 - 3 + 0*z**2 + 6*z. Let o = -3455 + 3462. Give w(o).
-13
Let c(v) = 17*v - 55*v - 11 + 27*v. Let y(f) = f + 4. Let k(n) = -c(n) - 3*y(n). Determine k(3).
23
Suppose 0 = 2*n + 12 + 36. Let d = n + 28. Let b(v) = -v - 2. What is b(d)?
-6
Let j(k) be the second derivative of -k**5/20 - k**4/12 + k**3/2 - k**2 - k - 491. What is j(1)?
-1
Suppose 20*c = 28*c - 24. Let n(i) be the second derivative of 1/2*i**3 + 0 - 5*i - 2*i**2. Give n(c).
5
Let k be 3 + 10*(